{"id":2155,"date":"2022-02-22T16:18:02","date_gmt":"2022-02-22T15:18:02","guid":{"rendered":"https:\/\/agenda.frejustoulon.fr\/communauteemmanuelvar\/?post_type=evenement&#038;p=2155"},"modified":"2024-09-10T10:40:39","modified_gmt":"2024-09-10T09:40:39","slug":"groupe-de-priere-de-la-communaute-de-lemmanuel","status":"publish","type":"evenement","link":"https:\/\/agenda.frejustoulon.fr\/communauteemmanuelvar\/evenement\/groupe-de-priere-de-la-communaute-de-lemmanuel\/8\/23-6-2025\/","title":{"rendered":"Groupe de Pri\u00e8re de la Communaut\u00e9 de l&rsquo;Emmanuel"},"content":{"rendered":"\n\n\t<h2>Soir\u00e9es de louange et de pri\u00e8re de la Communaut\u00e9 de l&rsquo;Emmanuel<\/h2>\n<p>Louange, adoration, partage, enseignements, confession, temps fraternel&#8230;<\/p>\n<p><strong>Un lundi par mois de 20h30 \u00e0 22h<\/strong>, venez vous ressourcer aux soir\u00e9es de pri\u00e8re de la Communaut\u00e9 de l&rsquo;Emmanuel \u00e0 la <strong>paroisse Saint-Joseph<\/strong> pour un temps fort spirituel r\u00e9gulier, mais toujours renouvel\u00e9 !<\/p>\n<p>Seul ou \u00e0 plusieurs, venez ! Et n&rsquo;h\u00e9sitez pas \u00e0 en parler autour de vous&#8230;<\/p>\n\t\t\t\t<img loading=\"lazy\" decoding=\"async\" src=\"https:\/\/agenda.frejustoulon.fr\/communauteemmanuelvar\/wp-content\/uploads\/sites\/58\/2024\/02\/cropped-logos-communaute-icone-500x500-1-160x160.png\" alt=\"cropped-logos-communaute-icone-500x500-1\" itemprop=\"image\" height=\"160\" width=\"160\" title=\"cropped-logos-communaute-icone-500x500-1\" onerror=\"this.style.display='none'\"  \/>\n\t<h2>Venez prier avec nous !<\/h2>\n<p>lundi 14 octobre &#8211; lundi 18 novembre &#8211; lundi 16 d\u00e9cembre &#8211; lundi 20 janvier &#8211; lundi 24 f\u00e9vrier &#8211; lundi 24 mars &#8211; lundi 28 avril &#8211; lundi 26 mai &#8211; lundi 23 juin.<\/p>\n\n","protected":false},"featured_media":2242,"template":"","meta":{"_acf_changed":false,"_seopress_robots_primary_cat":"","_seopress_titles_title":"","_seopress_titles_desc":"","_seopress_robots_index":"","inline_featured_image":false,"footnotes":""},"class_list":["post-2155","evenement","type-evenement","status-publish","has-post-thumbnail","hentry","evenement_categorie-priere","evenement_tag-adoration-eucharistique","evenement_tag-chant","evenement_tag-communaute-de-lemmanuel","evenement_tag-confession","evenement_tag-guerison","evenement_tag-louange","evenement_tag-misericorde","evenement_tag-priere","evenement_tag-saint-joseph","evenement_tag-soiree"],"acf":[],"_links":{"self":[{"href":"https:\/\/agenda.frejustoulon.fr\/communauteemmanuelvar\/wp-json\/wp\/v2\/evenement\/2155","targetHints":{"allow":["GET"]}}],"collection":[{"href":"https:\/\/agenda.frejustoulon.fr\/communauteemmanuelvar\/wp-json\/wp\/v2\/evenement"}],"about":[{"href":"https:\/\/agenda.frejustoulon.fr\/communauteemmanuelvar\/wp-json\/wp\/v2\/types\/evenement"}],"version-history":[{"count":9,"href":"https:\/\/agenda.frejustoulon.fr\/communauteemmanuelvar\/wp-json\/wp\/v2\/evenement\/2155\/revisions"}],"predecessor-version":[{"id":2281,"href":"https:\/\/agenda.frejustoulon.fr\/communauteemmanuelvar\/wp-json\/wp\/v2\/evenement\/2155\/revisions\/2281"}],"wp:featuredmedia":[{"embeddable":true,"href":"https:\/\/agenda.frejustoulon.fr\/communauteemmanuelvar\/wp-json\/wp\/v2\/media\/2242"}],"wp:attachment":[{"href":"https:\/\/agenda.frejustoulon.fr\/communauteemmanuelvar\/wp-json\/wp\/v2\/media?parent=2155"}],"curies":[{"name":"wp","href":"https:\/\/api.w.org\/{rel}","templated":true}]}}

Groupe de Prière de la Communauté de l&rsquo;Emmanuel

<h2>Soirées de louange et de prière de la Communauté de l&rsquo;Emmanuel</h2>
<p>Louange, adoration, partage, enseignements, confession, temps fraternel&#8230;</p>
<p><strong>Un lundi par mois de 20h30 à 22h</strong>, venez vous ressourcer aux soirées de prière de la Communauté de l&rsquo;Emmanuel à la <strong>paroisse Saint-Joseph</strong> pour un temps fort spirituel régulier, mais toujours renouvelé !</p>
<p>Seul ou à plusieurs, venez ! Et n&rsquo;hésitez pas à en parler autour de vous&#8230;</p>
				<img loading="lazy" decoding="async" src="https://agenda.frejustoulon.fr/communauteemmanuelvar/wp-content/uploads/sites/58/2024/02/cropped-logos-communaute-icone-500x500-1-160x160.png" alt="cropped-logos-communaute-icone-500x500-1" itemprop="image" height="160" width="160" title="cropped-logos-communaute-icone-500x500-1" onerror="this.style.display='none'"  />
	<h2>Venez prier avec nous !</h2>
<p>lundi 14 octobre &#8211; lundi 18 novembre &#8211; lundi 16 décembre &#8211; lundi 20 janvier &#8211; lundi 24 février &#8211; lundi 24 mars &#8211; lundi 28 avril &#8211; lundi 26 mai &#8211; lundi 23 juin.</p>
