{"id":2661,"date":"2023-06-14T10:00:20","date_gmt":"2023-06-14T09:00:20","guid":{"rendered":"https:\/\/agenda.frejustoulon.fr\/diaconie\/?post_type=evenement&#038;p=2661"},"modified":"2025-07-04T13:33:40","modified_gmt":"2025-07-04T12:33:40","slug":"messe-mensuelle-de-la-diaconie-a-la-cathedrale-de-toulon-copy-2","status":"publish","type":"evenement","link":"https:\/\/agenda.frejustoulon.fr\/diaconie\/evenement\/messe-mensuelle-de-la-diaconie-a-la-cathedrale-de-toulon-copy-2\/24\/11-9-2025\/","title":{"rendered":"Messe mensuelle de la diaconie"},"content":{"rendered":"\r\n<p><b>Le conseil d&rsquo;animation spirituelle de la diaconie\u00a0<\/b> a le plaisir de convier tous les acteurs de la diaconie du dioc\u00e8se de Fr\u00e9jus-Toulon, \u00a0salari\u00e9s, b\u00e9n\u00e9voles, participants \u00e0 quel que niveau que ce soit aux oeuvres de la diaconie,\u00a0 \u00e0 la\u00a0<b>c\u00e9l\u00e9bration eucharistique\u00a0<\/b> qui nous r\u00e9unit chaque 2\u00e8me jeudi du mois \u00e0 18h \u00e0 la cath\u00e9drale de Toulon.\u00a0 <img decoding=\"async\" src=\"https:\/\/agenda.frejustoulon.fr\/diaconie\/wp-content\/plugins\/bb-plugin\/img\/pixel.png\" alt=\"\" \/> <img decoding=\"async\" src=\"https:\/\/agenda.frejustoulon.fr\/diaconie\/wp-content\/plugins\/bb-plugin\/img\/pixel.png\" alt=\"\" \/> <img loading=\"lazy\" decoding=\"async\" title=\"messe diaconie\" src=\"https:\/\/agenda.frejustoulon.fr\/diaconie\/wp-content\/uploads\/sites\/66\/2023\/06\/messe-diaconie.jpg\" alt=\"messe diaconie\" width=\"1414\" height=\"2000\" \/><\/p>\r\n","protected":false},"featured_media":3476,"template":"","meta":{"_acf_changed":false,"_seopress_robots_primary_cat":"","_seopress_titles_title":"","_seopress_titles_desc":"","_seopress_robots_index":"","inline_featured_image":false,"footnotes":""},"class_list":["post-2661","evenement","type-evenement","status-publish","has-post-thumbnail","hentry","evenement_categorie-celebration","evenement_tag-diaconie","evenement_tag-intentions","evenement_tag-messe","evenement_tag-priere"],"acf":[],"_links":{"self":[{"href":"https:\/\/agenda.frejustoulon.fr\/diaconie\/wp-json\/wp\/v2\/evenement\/2661","targetHints":{"allow":["GET"]}}],"collection":[{"href":"https:\/\/agenda.frejustoulon.fr\/diaconie\/wp-json\/wp\/v2\/evenement"}],"about":[{"href":"https:\/\/agenda.frejustoulon.fr\/diaconie\/wp-json\/wp\/v2\/types\/evenement"}],"version-history":[{"count":23,"href":"https:\/\/agenda.frejustoulon.fr\/diaconie\/wp-json\/wp\/v2\/evenement\/2661\/revisions"}],"predecessor-version":[{"id":3542,"href":"https:\/\/agenda.frejustoulon.fr\/diaconie\/wp-json\/wp\/v2\/evenement\/2661\/revisions\/3542"}],"wp:featuredmedia":[{"embeddable":true,"href":"https:\/\/agenda.frejustoulon.fr\/diaconie\/wp-json\/wp\/v2\/media\/3476"}],"wp:attachment":[{"href":"https:\/\/agenda.frejustoulon.fr\/diaconie\/wp-json\/wp\/v2\/media?parent=2661"}],"curies":[{"name":"wp","href":"https:\/\/api.w.org\/{rel}","templated":true}]}}

<p><b>Le conseil d&rsquo;animation spirituelle de la diaconie </b> a le plaisir de convier tous les acteurs de la diaconie du diocèse de Fréjus-Toulon,  salariés, bénévoles, participants à quel que niveau que ce soit aux oeuvres de la diaconie,  à la <b>célébration eucharistique </b> qui nous réunit chaque 2ème jeudi du mois à 18h à la cathédrale de Toulon.  <img decoding="async" src="https://agenda.frejustoulon.fr/diaconie/wp-content/plugins/bb-plugin/img/pixel.png" alt="" /> <img decoding="async" src="https://agenda.frejustoulon.fr/diaconie/wp-content/plugins/bb-plugin/img/pixel.png" alt="" /> <img loading="lazy" decoding="async" title="messe diaconie" src="https://agenda.frejustoulon.fr/diaconie/wp-content/uploads/sites/66/2023/06/messe-diaconie.jpg" alt="messe diaconie" width="1414" height="2000" /></p>
