{"id":4480,"date":"2026-08-03T10:57:10","date_gmt":"2026-08-03T09:57:10","guid":{"rendered":"https:\/\/agenda.frejustoulon.fr\/diaconie\/?post_type=evenement&#038;p=4480"},"modified":"2026-08-17T09:43:32","modified_gmt":"2026-08-17T08:43:32","slug":"rentree-de-la-diaconie","status":"publish","type":"evenement","link":"https:\/\/agenda.frejustoulon.fr\/diaconie\/evenement\/rentree-de-la-diaconie\/0\/22-9-2026\/","title":{"rendered":"Rentr\u00e9e de la diaconie"},"content":{"rendered":"<div>\n<div>\n<h1 style=\"text-align: center\"><span style=\"color: #d5303c\">Rentr\u00e9e de la diaconie<\/span><\/h1>\n<div style=\"text-align: center\">\n<p>&nbsp;<\/p>\n<p><span style=\"color: #d5303c\"><strong>Tiers lieu Saint Laurent<\/strong><\/span><\/p>\n<\/div>\n<div style=\"text-align: center\">\n<p><em>52 rue de Dakar \u2013 83000 Toulon<\/em><\/p>\n<\/div>\n<\/div>\n<\/div>\n<p style=\"text-align: center\">\n<p><img loading=\"lazy\" decoding=\"async\" class=\"wp-image-4486 aligncenter\" src=\"https:\/\/agenda.frejustoulon.fr\/diaconie\/wp-content\/uploads\/sites\/66\/2026\/08\/rentree-de-la-diaconie-2026-pour-site-113x160.jpg\" alt=\"\" width=\"399\" height=\"565\" srcset=\"https:\/\/agenda.frejustoulon.fr\/diaconie\/wp-content\/uploads\/sites\/66\/2026\/08\/rentree-de-la-diaconie-2026-pour-site-113x160.jpg 113w, https:\/\/agenda.frejustoulon.fr\/diaconie\/wp-content\/uploads\/sites\/66\/2026\/08\/rentree-de-la-diaconie-2026-pour-site-354x500.jpg 354w, https:\/\/agenda.frejustoulon.fr\/diaconie\/wp-content\/uploads\/sites\/66\/2026\/08\/rentree-de-la-diaconie-2026-pour-site-768x1086.jpg 768w, https:\/\/agenda.frejustoulon.fr\/diaconie\/wp-content\/uploads\/sites\/66\/2026\/08\/rentree-de-la-diaconie-2026-pour-site-1086x1536.jpg 1086w, https:\/\/agenda.frejustoulon.fr\/diaconie\/wp-content\/uploads\/sites\/66\/2026\/08\/rentree-de-la-diaconie-2026-pour-site.jpg 1414w\" sizes=\"auto, (max-width: 399px) 100vw, 399px\" \/><\/p>\n<div>\n<div>\n<div style=\"text-align: center\">\n<p>&nbsp;<\/p>\n<p style=\"text-align: left\"><strong>17h30 :<\/strong> accueil<\/p>\n<\/div>\n<div style=\"text-align: left\">\n<p><strong>18h :<\/strong> inauguration du tiers lieu st Laurent<\/p>\n<\/div>\n<div style=\"text-align: left\">\n<p style=\"text-align: left\"><strong>18h30 :<\/strong> temps de pri\u00e8re \u0153cum\u00e9nique<\/p>\n<\/div>\n<div style=\"text-align: left\">\n<p><strong>19h :<\/strong> buffet dinatoire<\/p>\n<\/div>\n<div>\n<p style=\"text-align: left\">Fin des festivit\u00e9s \u00e0<strong> 21h30<\/strong> !<\/p>\n<\/div>\n<\/div>\n<\/div>\n<p>&nbsp;<\/p>\n<p>&nbsp;<\/p>\n<p>&nbsp;<\/p>\n","protected":false},"featured_media":4047,"template":"","meta":{"_acf_changed":false,"_seopress_titles_title":"","_seopress_titles_desc":"","_seopress_robots_index":"","_seopress_robots_follow":"","_seopress_robots_imageindex":"","_seopress_robots_snippet":"","_seopress_robots_primary_cat":"","_seopress_robots_breadcrumbs":"","_seopress_robots_freeze_modified_date":"","_seopress_robots_custom_modified_date":"","_seopress_robots_canonical":"","_seopress_social_fb_title":"","_seopress_social_fb_desc":"","_seopress_social_fb_img":"","_seopress_social_fb_img_attachment_id":0,"_seopress_social_fb_img_width":0,"_seopress_social_fb_img_height":0,"_seopress_social_twitter_title":"","_seopress_social_twitter_desc":"","_seopress_social_twitter_img":"","_seopress_social_twitter_img_attachment_id":0,"_seopress_social_twitter_img_width":0,"_seopress_social_twitter_img_height":0,"_seopress_redirections_value":"","_seopress_redirections_enabled":"","_seopress_redirections_enabled_regex":"","_seopress_redirections_logged_status":"","_seopress_redirections_param":"","_seopress_redirections_type":0,"_seopress_analysis_target_kw":"","_seopress_news_disabled":"","_seopress_video_disabled":"","_seopress_video":[],"_seopress_pro_schemas_manual":[],"_seopress_pro_rich_snippets_disable_all":"","_seopress_pro_rich_snippets_disable":[],"_seopress_pro_schemas":[],"inline_featured_image":false,"footnotes":""},"class_list":["post-4480","evenement","type-evenement","status-publish","has-post-thumbnail","hentry","evenement_categorie-rencontre"],"acf":[],"_links":{"self":[{"href":"https:\/\/agenda.frejustoulon.fr\/diaconie\/wp-json\/wp\/v2\/evenement\/4480","targetHints":{"allow":["GET"]}}],"collection":[{"href":"https:\/\/agenda.frejustoulon.fr\/diaconie\/wp-json\/wp\/v2\/evenement"}],"about":[{"href":"https:\/\/agenda.frejustoulon.fr\/diaconie\/wp-json\/wp\/v2\/types\/evenement"}],"version-history":[{"count":3,"href":"https:\/\/agenda.frejustoulon.fr\/diaconie\/wp-json\/wp\/v2\/evenement\/4480\/revisions"}],"predecessor-version":[{"id":4487,"href":"https:\/\/agenda.frejustoulon.fr\/diaconie\/wp-json\/wp\/v2\/evenement\/4480\/revisions\/4487"}],"wp:featuredmedia":[{"embeddable":true,"href":"https:\/\/agenda.frejustoulon.fr\/diaconie\/wp-json\/wp\/v2\/media\/4047"}],"wp:attachment":[{"href":"https:\/\/agenda.frejustoulon.fr\/diaconie\/wp-json\/wp\/v2\/media?parent=4480"}],"curies":[{"name":"wp","href":"https:\/\/api.w.org\/{rel}","templated":true}]}}

Rentrée de la diaconie

<div>
<div>
<h1 style="text-align: center"><span style="color: #d5303c">Rentrée de la diaconie</span></h1>
<div style="text-align: center">
<p>&nbsp;</p>
<p><span style="color: #d5303c"><strong>Tiers lieu Saint Laurent</strong></span></p>
</div>
<div style="text-align: center">
<p><em>52 rue de Dakar – 83000 Toulon</em></p>
</div>
</div>
</div>
<p style="text-align: center">
<p><img loading="lazy" decoding="async" class="wp-image-4486 aligncenter" src="https://agenda.frejustoulon.fr/diaconie/wp-content/uploads/sites/66/2026/08/rentree-de-la-diaconie-2026-pour-site-113x160.jpg" alt="" width="399" height="565" srcset="https://agenda.frejustoulon.fr/diaconie/wp-content/uploads/sites/66/2026/08/rentree-de-la-diaconie-2026-pour-site-113x160.jpg 113w, https://agenda.frejustoulon.fr/diaconie/wp-content/uploads/sites/66/2026/08/rentree-de-la-diaconie-2026-pour-site-354x500.jpg 354w, https://agenda.frejustoulon.fr/diaconie/wp-content/uploads/sites/66/2026/08/rentree-de-la-diaconie-2026-pour-site-768x1086.jpg 768w, https://agenda.frejustoulon.fr/diaconie/wp-content/uploads/sites/66/2026/08/rentree-de-la-diaconie-2026-pour-site-1086x1536.jpg 1086w, https://agenda.frejustoulon.fr/diaconie/wp-content/uploads/sites/66/2026/08/rentree-de-la-diaconie-2026-pour-site.jpg 1414w" sizes="auto, (max-width: 399px) 100vw, 399px" /></p>
<div>
<div>
<div style="text-align: center">
<p>&nbsp;</p>
<p style="text-align: left"><strong>17h30 :</strong> accueil</p>
</div>
<div style="text-align: left">
<p><strong>18h :</strong> inauguration du tiers lieu st Laurent</p>
</div>
<div style="text-align: left">
<p style="text-align: left"><strong>18h30 :</strong> temps de prière œcuménique</p>
</div>
<div style="text-align: left">
<p><strong>19h :</strong> buffet dinatoire</p>
</div>
<div>
<p style="text-align: left">Fin des festivités à<strong> 21h30</strong> !</p>
</div>
</div>
</div>
<p>&nbsp;</p>
<p>&nbsp;</p>
<p>&nbsp;</p>
