{"id":4488,"date":"2026-08-17T11:13:43","date_gmt":"2026-08-17T10:13:43","guid":{"rendered":"https:\/\/agenda.frejustoulon.fr\/diaconie\/?post_type=evenement&#038;p=4488"},"modified":"2026-08-17T11:13:43","modified_gmt":"2026-08-17T10:13:43","slug":"journee-mondiale-du-migrant-et-du-refugie-3","status":"publish","type":"evenement","link":"https:\/\/agenda.frejustoulon.fr\/diaconie\/evenement\/journee-mondiale-du-migrant-et-du-refugie-3\/0\/27-9-2026\/","title":{"rendered":"Journ\u00e9e Mondiale du Migrant et du R\u00e9fugi\u00e9"},"content":{"rendered":"<p><img loading=\"lazy\" decoding=\"async\" class=\"wp-image-4489 aligncenter\" src=\"https:\/\/agenda.frejustoulon.fr\/diaconie\/wp-content\/uploads\/sites\/66\/2026\/08\/affiche-rs-jmmr-2026-frejus-toulon-128x160.jpg\" alt=\"\" width=\"445\" height=\"556\" srcset=\"https:\/\/agenda.frejustoulon.fr\/diaconie\/wp-content\/uploads\/sites\/66\/2026\/08\/affiche-rs-jmmr-2026-frejus-toulon-128x160.jpg 128w, https:\/\/agenda.frejustoulon.fr\/diaconie\/wp-content\/uploads\/sites\/66\/2026\/08\/affiche-rs-jmmr-2026-frejus-toulon-400x500.jpg 400w, https:\/\/agenda.frejustoulon.fr\/diaconie\/wp-content\/uploads\/sites\/66\/2026\/08\/affiche-rs-jmmr-2026-frejus-toulon-768x960.jpg 768w, https:\/\/agenda.frejustoulon.fr\/diaconie\/wp-content\/uploads\/sites\/66\/2026\/08\/affiche-rs-jmmr-2026-frejus-toulon.jpg 1080w\" sizes=\"auto, (max-width: 445px) 100vw, 445px\" \/><\/p>\n","protected":false},"featured_media":4047,"template":"","meta":{"_acf_changed":false,"_seopress_titles_title":"","_seopress_titles_desc":"","_seopress_robots_index":"","_seopress_robots_follow":"","_seopress_robots_imageindex":"","_seopress_robots_snippet":"","_seopress_robots_primary_cat":"","_seopress_robots_breadcrumbs":"","_seopress_robots_freeze_modified_date":"","_seopress_robots_custom_modified_date":"","_seopress_robots_canonical":"","_seopress_social_fb_title":"","_seopress_social_fb_desc":"","_seopress_social_fb_img":"","_seopress_social_fb_img_attachment_id":0,"_seopress_social_fb_img_width":0,"_seopress_social_fb_img_height":0,"_seopress_social_twitter_title":"","_seopress_social_twitter_desc":"","_seopress_social_twitter_img":"","_seopress_social_twitter_img_attachment_id":0,"_seopress_social_twitter_img_width":0,"_seopress_social_twitter_img_height":0,"_seopress_redirections_value":"","_seopress_redirections_enabled":"","_seopress_redirections_enabled_regex":"","_seopress_redirections_logged_status":"","_seopress_redirections_param":"","_seopress_redirections_type":0,"_seopress_analysis_target_kw":"","_seopress_news_disabled":"","_seopress_video_disabled":"","_seopress_video":[],"_seopress_pro_schemas_manual":[],"_seopress_pro_rich_snippets_disable_all":"","_seopress_pro_rich_snippets_disable":[],"_seopress_pro_schemas":[],"inline_featured_image":false,"footnotes":""},"class_list":["post-4488","evenement","type-evenement","status-publish","has-post-thumbnail","hentry","evenement_categorie-celebration"],"acf":[],"_links":{"self":[{"href":"https:\/\/agenda.frejustoulon.fr\/diaconie\/wp-json\/wp\/v2\/evenement\/4488","targetHints":{"allow":["GET"]}}],"collection":[{"href":"https:\/\/agenda.frejustoulon.fr\/diaconie\/wp-json\/wp\/v2\/evenement"}],"about":[{"href":"https:\/\/agenda.frejustoulon.fr\/diaconie\/wp-json\/wp\/v2\/types\/evenement"}],"version-history":[{"count":5,"href":"https:\/\/agenda.frejustoulon.fr\/diaconie\/wp-json\/wp\/v2\/evenement\/4488\/revisions"}],"predecessor-version":[{"id":4495,"href":"https:\/\/agenda.frejustoulon.fr\/diaconie\/wp-json\/wp\/v2\/evenement\/4488\/revisions\/4495"}],"wp:featuredmedia":[{"embeddable":true,"href":"https:\/\/agenda.frejustoulon.fr\/diaconie\/wp-json\/wp\/v2\/media\/4047"}],"wp:attachment":[{"href":"https:\/\/agenda.frejustoulon.fr\/diaconie\/wp-json\/wp\/v2\/media?parent=4488"}],"curies":[{"name":"wp","href":"https:\/\/api.w.org\/{rel}","templated":true}]}}

Journée Mondiale du Migrant et du Réfugié
