{"id":238,"date":"2014-03-10T11:43:19","date_gmt":"2014-03-10T10:43:19","guid":{"rendered":"http:\/\/lagenda.stgng.com\/?page_id=5"},"modified":"2026-03-25T09:39:30","modified_gmt":"2026-03-25T08:39:30","slug":"agenda-de-diaconie","status":"publish","type":"page","link":"https:\/\/agenda.frejustoulon.fr\/diaconie\/","title":{"rendered":"Agenda de la Diaconie"},"content":{"rendered":"\r\n<h2>Bienvenue sur l\u2019agenda de la Diaconie.<br \/>Retrouvez tous les \u00e9v\u00e9nements qui rythment la vie des pastorales<br \/>de la <a href=\"http:\/\/sante.frejustoulon.fr\/\" target=\"_blank\" rel=\"noopener noreferrer\"><strong><em>Sant\u00e9<\/em><\/strong><\/a>, de la <a href=\"http:\/\/diocese-frejus-toulon.com\/-Service-diocesain-de-la-solidarite-.html\" target=\"_blank\" rel=\"noopener noreferrer\"><strong><em>Solidarit\u00e9<\/em><\/strong><\/a>, des <a href=\"http:\/\/diocese-frejus-toulon.com\/-Pastorale-des-migrants-.html\" target=\"_blank\" rel=\"noopener noreferrer\"><strong><em>Migrants<\/em><\/strong><\/a>,<br \/>des <a href=\"http:\/\/diocese-frejus-toulon.com\/-Pastorale-des-migrants-.html\" target=\"_blank\" rel=\"noopener noreferrer\"><strong><em>Prisons<\/em> <\/strong><\/a>et du <a href=\"http:\/\/diocese-frejus-toulon.com\/-Pastorale-du-deuil-.html\" target=\"_blank\" rel=\"noopener noreferrer\"><strong><em>Deuil<\/em><\/strong><\/a>\u00a0de notre dioc\u00e8se.<\/h2>\r\n","protected":false},"excerpt":{"rendered":"<p>Bienvenue sur l\u2019agenda de la Diaconie.Retrouvez tous les \u00e9v\u00e9nements qui rythment la vie des pastoralesde la Sant\u00e9, de la Solidarit\u00e9, des Migrants,des Prisons et du Deuil\u00a0de notre dioc\u00e8se.<\/p>\n","protected":false},"author":2,"featured_media":4366,"parent":0,"menu_order":0,"comment_status":"closed","ping_status":"closed","template":"template\/template-home.php","meta":{"_acf_changed":false,"_seopress_robots_primary_cat":"","_seopress_titles_title":"","_seopress_titles_desc":"","_seopress_robots_index":"","inline_featured_image":false,"footnotes":""},"class_list":["post-238","page","type-page","status-publish","has-post-thumbnail","hentry"],"acf":[],"_links":{"self":[{"href":"https:\/\/agenda.frejustoulon.fr\/diaconie\/wp-json\/wp\/v2\/pages\/238","targetHints":{"allow":["GET"]}}],"collection":[{"href":"https:\/\/agenda.frejustoulon.fr\/diaconie\/wp-json\/wp\/v2\/pages"}],"about":[{"href":"https:\/\/agenda.frejustoulon.fr\/diaconie\/wp-json\/wp\/v2\/types\/page"}],"author":[{"embeddable":true,"href":"https:\/\/agenda.frejustoulon.fr\/diaconie\/wp-json\/wp\/v2\/users\/2"}],"replies":[{"embeddable":true,"href":"https:\/\/agenda.frejustoulon.fr\/diaconie\/wp-json\/wp\/v2\/comments?post=238"}],"version-history":[{"count":3,"href":"https:\/\/agenda.frejustoulon.fr\/diaconie\/wp-json\/wp\/v2\/pages\/238\/revisions"}],"predecessor-version":[{"id":4367,"href":"https:\/\/agenda.frejustoulon.fr\/diaconie\/wp-json\/wp\/v2\/pages\/238\/revisions\/4367"}],"wp:featuredmedia":[{"embeddable":true,"href":"https:\/\/agenda.frejustoulon.fr\/diaconie\/wp-json\/wp\/v2\/media\/4366"}],"wp:attachment":[{"href":"https:\/\/agenda.frejustoulon.fr\/diaconie\/wp-json\/wp\/v2\/media?parent=238"}],"curies":[{"name":"wp","href":"https:\/\/api.w.org\/{rel}","templated":true}]}}

<h2>Bienvenue sur l’agenda de la Diaconie.<br />Retrouvez tous les événements qui rythment la vie des pastorales<br />de la <a href="http://sante.frejustoulon.fr/" target="_blank" rel="noopener noreferrer"><strong><em>Santé</em></strong></a>, de la <a href="http://diocese-frejus-toulon.com/-Service-diocesain-de-la-solidarite-.html" target="_blank" rel="noopener noreferrer"><strong><em>Solidarité</em></strong></a>, des <a href="http://diocese-frejus-toulon.com/-Pastorale-des-migrants-.html" target="_blank" rel="noopener noreferrer"><strong><em>Migrants</em></strong></a>,<br />des <a href="http://diocese-frejus-toulon.com/-Pastorale-des-migrants-.html" target="_blank" rel="noopener noreferrer"><strong><em>Prisons</em> </strong></a>et du <a href="http://diocese-frejus-toulon.com/-Pastorale-du-deuil-.html" target="_blank" rel="noopener noreferrer"><strong><em>Deuil</em></strong></a> de notre diocèse.</h2>

<p>Bienvenue sur l’agenda de la Diaconie.Retrouvez tous les événements qui rythment la vie des pastoralesde la Santé, de la Solidarité, des Migrants,des Prisons et du Deuil de notre diocèse.</p>
