{"id":3720,"date":"2025-05-27T15:42:06","date_gmt":"2025-05-27T14:42:06","guid":{"rendered":"https:\/\/agenda.frejustoulon.fr\/diaconie\/?page_id=3720"},"modified":"2025-06-03T09:07:59","modified_gmt":"2025-06-03T08:07:59","slug":"soutenir-rome-fratello","status":"publish","type":"page","link":"https:\/\/agenda.frejustoulon.fr\/diaconie\/agenda-de-diaconie\/soutenir-rome-fratello\/","title":{"rendered":"Soutenir le p\u00e8lerinage \u00e0 Rome avec Fratello : Cagnotte"},"content":{"rendered":"<p>Merci d&rsquo;avoir accept\u00e9 de soutenir l&rsquo;aventure la diaconie, qui en partenariat avec l\u2019association Fratello, permettra \u00e0 150 personnes en situation de pr\u00e9carit\u00e9 de partir en p\u00e8lerinage \u00e0 Rome lors de cette ann\u00e9e du Jubil\u00e9 ! Ce p\u00e8lerinage sera accompagn\u00e9 par notre \u00e9v\u00eaque Fran\u00e7ois Touvet.<\/p>\n<p>Merci de votre g\u00e9n\u00e9rosit\u00e9 !<\/p>\n\n","protected":false},"excerpt":{"rendered":"<p>Merci d&rsquo;avoir accept\u00e9 de soutenir l&rsquo;aventure la diaconie, qui en partenariat avec l\u2019association Fratello, permettra \u00e0 150 personnes en situation de pr\u00e9carit\u00e9 de partir en p\u00e8lerinage \u00e0 Rome lors de cette ann\u00e9e du Jubil\u00e9 ! Ce p\u00e8lerinage sera accompagn\u00e9 par notre \u00e9v\u00eaque Fran\u00e7ois Touvet. Merci de votre g\u00e9n\u00e9rosit\u00e9 !<\/p>\n","protected":false},"author":213,"featured_media":0,"parent":238,"menu_order":0,"comment_status":"closed","ping_status":"closed","template":"","meta":{"_acf_changed":false,"_seopress_robots_primary_cat":"","_seopress_titles_title":"","_seopress_titles_desc":"","_seopress_robots_index":"","inline_featured_image":false,"footnotes":""},"class_list":["post-3720","page","type-page","status-publish","hentry"],"acf":[],"_links":{"self":[{"href":"https:\/\/agenda.frejustoulon.fr\/diaconie\/wp-json\/wp\/v2\/pages\/3720","targetHints":{"allow":["GET"]}}],"collection":[{"href":"https:\/\/agenda.frejustoulon.fr\/diaconie\/wp-json\/wp\/v2\/pages"}],"about":[{"href":"https:\/\/agenda.frejustoulon.fr\/diaconie\/wp-json\/wp\/v2\/types\/page"}],"author":[{"embeddable":true,"href":"https:\/\/agenda.frejustoulon.fr\/diaconie\/wp-json\/wp\/v2\/users\/213"}],"replies":[{"embeddable":true,"href":"https:\/\/agenda.frejustoulon.fr\/diaconie\/wp-json\/wp\/v2\/comments?post=3720"}],"version-history":[{"count":7,"href":"https:\/\/agenda.frejustoulon.fr\/diaconie\/wp-json\/wp\/v2\/pages\/3720\/revisions"}],"predecessor-version":[{"id":3734,"href":"https:\/\/agenda.frejustoulon.fr\/diaconie\/wp-json\/wp\/v2\/pages\/3720\/revisions\/3734"}],"up":[{"embeddable":true,"href":"https:\/\/agenda.frejustoulon.fr\/diaconie\/wp-json\/wp\/v2\/pages\/238"}],"wp:attachment":[{"href":"https:\/\/agenda.frejustoulon.fr\/diaconie\/wp-json\/wp\/v2\/media?parent=3720"}],"curies":[{"name":"wp","href":"https:\/\/api.w.org\/{rel}","templated":true}]}}

Soutenir le pèlerinage à Rome avec Fratello : Cagnotte

<p>Merci d&rsquo;avoir accepté de soutenir l&rsquo;aventure la diaconie, qui en partenariat avec l’association Fratello, permettra à 150 personnes en situation de précarité de partir en pèlerinage à Rome lors de cette année du Jubilé ! Ce pèlerinage sera accompagné par notre évêque François Touvet.</p>
<p>Merci de votre générosité !</p>

<p>Merci d&rsquo;avoir accepté de soutenir l&rsquo;aventure la diaconie, qui en partenariat avec l’association Fratello, permettra à 150 personnes en situation de précarité de partir en pèlerinage à Rome lors de cette année du Jubilé ! Ce pèlerinage sera accompagné par notre évêque François Touvet. Merci de votre générosité !</p>
