{"id":2333,"date":"2023-08-22T15:01:53","date_gmt":"2023-08-22T14:01:53","guid":{"rendered":"https:\/\/agenda.frejustoulon.fr\/laudatosi\/?post_type=evenement&#038;p=2333"},"modified":"2023-08-22T15:01:53","modified_gmt":"2023-08-22T14:01:53","slug":"la-spiritualite-de-la-creation-st-francois-dassise","status":"publish","type":"evenement","link":"https:\/\/agenda.frejustoulon.fr\/laudatosi\/evenement\/la-spiritualite-de-la-creation-st-francois-dassise\/0\/4-10-2023\/","title":{"rendered":"La spiritualit\u00e9 de la Cr\u00e9ation selon st Fran\u00e7ois d&rsquo;Assise : Topo &amp; Ap\u00e9ro partag\u00e9"},"content":{"rendered":"<h2>Venez d\u00e9couvrir la spiritualit\u00e9 de la Cr\u00e9ation selon saint Fran\u00e7ois d&rsquo;Assise avec Fr\u00e9d\u00e9ric, p\u00e8re de famille engag\u00e9 dans une fraternit\u00e9 franciscaine. Topo suivi d&rsquo;un ap\u00e9ro partag\u00e9.<\/h2>\n<p><span class=\"cqiun4t2 khvhiq1o r5qsrrlp i5tg98hk iqx13udk przvwfww qiohso4h gfz4du6o r7fjleex nz2484kf svot0ezm dcnh1tix sxl192xd t3g6t33p\"><span class=\"\">\ud83c\udf7b<\/span><\/span><span class=\"x193iq5w xeuugli x13faqbe x1vvkbs xlh3980 xvmahel x1n0sxbx x1lliihq x1s928wv xhkezso x1gmr53x x1cpjm7i x1fgarty x1943h6x xudqn12 x3x7a5m x6prxxf xvq8zen xo1l8bm xzsf02u\" dir=\"auto\"><span class=\"cqiun4t2 khvhiq1o r5qsrrlp i5tg98hk iqx13udk przvwfww qiohso4h gfz4du6o r7fjleex nz2484kf svot0ezm dcnh1tix sxl192xd t3g6t33p\"><span class=\"\">Pr\u00e9voir <\/span><\/span><\/span><span class=\"cqiun4t2 khvhiq1o r5qsrrlp i5tg98hk iqx13udk przvwfww qiohso4h gfz4du6o r7fjleex nz2484kf svot0ezm dcnh1tix sxl192xd t3g6t33p\"><span class=\"\"><span class=\"x193iq5w xeuugli x13faqbe x1vvkbs xlh3980 xvmahel x1n0sxbx x1lliihq x1s928wv xhkezso x1gmr53x x1cpjm7i x1fgarty x1943h6x xudqn12 x3x7a5m x6prxxf xvq8zen xo1l8bm xzsf02u\" dir=\"auto\">plat et boisson \u00e0 partager pour l&rsquo;ap\u00e9ro dinatoire<br \/>\n<\/span><\/span><\/span><\/p>\n<h4><\/h4>\n<h2>Ap\u00e9ro partag\u00e9 Laudato Si en action<\/h2>\n<h4>Chaque 1er mercredi du mois \u00e0 la paroisse Saint-Joseph au Pont du Las, un temps convivial et fraternel pour :<\/h4>\n<ul>\n<li>Louer le Cr\u00e9ateur<\/li>\n<li>Partager un repas simple<\/li>\n<li>Rencontrer des acteurs engag\u00e9s sur le terrain ou se former sur l&rsquo;\u00e9cologie int\u00e9grale<\/li>\n<li>Agir pour notre conversion \u00e9cologique<\/li>\n<\/ul>\n<h2>B\u00e9n\u00e9voles wanted !<\/h2>\n<p>Cr\u00e9\u00e9 en 2019 par mgr Dominique Rey, Laudato Si en action a pour mission d&rsquo;aider les chr\u00e9tiens du Var \u00e0 prendre soin de la Cr\u00e9ation et \u00e0 vivre une conversion \u00e9cologique.<br \/>\nL&rsquo;\u00e9quipe recherche des personnes motiv\u00e9es pour l&rsquo;aider :<\/p>\n<ul>\n<li>\u00e0 organiser et communiquer des \u00e9v\u00e8nements qui louent la Cr\u00e9ation ou forment \u00e0 l&rsquo;\u00e9cologie int\u00e9grale<\/li>\n<li>\u00e0 monter des \u00e9quipes autour du label Eglise verte en paroisse<\/li>\n<li>\u00e0 pr\u00e9senter l&rsquo;encyclique Laudato si ou le label Eglise verte en paroisse<\/li>\n<li>\u00e0 mettre en lien des initiatives \u00e9cologiques et\/ou solidaires&#8230;<\/li>\n<\/ul>\n","protected":false},"featured_media":2284,"template":"","meta":{"_acf_changed":false,"_seopress_robots_primary_cat":"","_seopress_titles_title":"","_seopress_titles_desc":"","_seopress_robots_index":"","inline_featured_image":false,"footnotes":""},"class_list":["post-2333","evenement","type-evenement","status-publish","has-post-thumbnail","hentry","evenement_categorie-formation"],"acf":[],"_links":{"self":[{"href":"https:\/\/agenda.frejustoulon.fr\/laudatosi\/wp-json\/wp\/v2\/evenement\/2333","targetHints":{"allow":["GET"]}}],"collection":[{"href":"https:\/\/agenda.frejustoulon.fr\/laudatosi\/wp-json\/wp\/v2\/evenement"}],"about":[{"href":"https:\/\/agenda.frejustoulon.fr\/laudatosi\/wp-json\/wp\/v2\/types\/evenement"}],"version-history":[{"count":3,"href":"https:\/\/agenda.frejustoulon.fr\/laudatosi\/wp-json\/wp\/v2\/evenement\/2333\/revisions"}],"predecessor-version":[{"id":2341,"href":"https:\/\/agenda.frejustoulon.fr\/laudatosi\/wp-json\/wp\/v2\/evenement\/2333\/revisions\/2341"}],"wp:featuredmedia":[{"embeddable":true,"href":"https:\/\/agenda.frejustoulon.fr\/laudatosi\/wp-json\/wp\/v2\/media\/2284"}],"wp:attachment":[{"href":"https:\/\/agenda.frejustoulon.fr\/laudatosi\/wp-json\/wp\/v2\/media?parent=2333"}],"curies":[{"name":"wp","href":"https:\/\/api.w.org\/{rel}","templated":true}]}}

La spiritualité de la Création selon st François d&rsquo;Assise : Topo &amp; Apéro partagé

<h2>Venez découvrir la spiritualité de la Création selon saint François d&rsquo;Assise avec Frédéric, père de famille engagé dans une fraternité franciscaine. Topo suivi d&rsquo;un apéro partagé.</h2>
<p><span class="cqiun4t2 khvhiq1o r5qsrrlp i5tg98hk iqx13udk przvwfww qiohso4h gfz4du6o r7fjleex nz2484kf svot0ezm dcnh1tix sxl192xd t3g6t33p"><span class="">🍻</span></span><span class="x193iq5w xeuugli x13faqbe x1vvkbs xlh3980 xvmahel x1n0sxbx x1lliihq x1s928wv xhkezso x1gmr53x x1cpjm7i x1fgarty x1943h6x xudqn12 x3x7a5m x6prxxf xvq8zen xo1l8bm xzsf02u" dir="auto"><span class="cqiun4t2 khvhiq1o r5qsrrlp i5tg98hk iqx13udk przvwfww qiohso4h gfz4du6o r7fjleex nz2484kf svot0ezm dcnh1tix sxl192xd t3g6t33p"><span class="">Prévoir </span></span></span><span class="cqiun4t2 khvhiq1o r5qsrrlp i5tg98hk iqx13udk przvwfww qiohso4h gfz4du6o r7fjleex nz2484kf svot0ezm dcnh1tix sxl192xd t3g6t33p"><span class=""><span class="x193iq5w xeuugli x13faqbe x1vvkbs xlh3980 xvmahel x1n0sxbx x1lliihq x1s928wv xhkezso x1gmr53x x1cpjm7i x1fgarty x1943h6x xudqn12 x3x7a5m x6prxxf xvq8zen xo1l8bm xzsf02u" dir="auto">plat et boisson à partager pour l&rsquo;apéro dinatoire<br />
</span></span></span></p>
<h4></h4>
<h2>Apéro partagé Laudato Si en action</h2>
<h4>Chaque 1er mercredi du mois à la paroisse Saint-Joseph au Pont du Las, un temps convivial et fraternel pour :</h4>
<ul>
<li>Louer le Créateur</li>
<li>Partager un repas simple</li>
<li>Rencontrer des acteurs engagés sur le terrain ou se former sur l&rsquo;écologie intégrale</li>
<li>Agir pour notre conversion écologique</li>
</ul>
<h2>Bénévoles wanted !</h2>
<p>Créé en 2019 par mgr Dominique Rey, Laudato Si en action a pour mission d&rsquo;aider les chrétiens du Var à prendre soin de la Création et à vivre une conversion écologique.<br />
L&rsquo;équipe recherche des personnes motivées pour l&rsquo;aider :</p>
<ul>
<li>à organiser et communiquer des évènements qui louent la Création ou forment à l&rsquo;écologie intégrale</li>
<li>à monter des équipes autour du label Eglise verte en paroisse</li>
<li>à présenter l&rsquo;encyclique Laudato si ou le label Eglise verte en paroisse</li>
<li>à mettre en lien des initiatives écologiques et/ou solidaires&#8230;</li>
</ul>
