{"id":7639,"date":"2024-09-20T10:57:15","date_gmt":"2024-09-20T09:57:15","guid":{"rendered":"https:\/\/agenda.frejustoulon.fr\/organisateurs\/?post_type=evenement&#038;p=7639"},"modified":"2024-09-20T11:10:04","modified_gmt":"2024-09-20T10:10:04","slug":"une-retraite-a-lerins-pour-se-relever-dun-veuvage-precoce","status":"publish","type":"evenement","link":"https:\/\/agenda.frejustoulon.fr\/organisateurs\/evenement\/une-retraite-a-lerins-pour-se-relever-dun-veuvage-precoce\/0\/11-10-2024\/","title":{"rendered":"Une retraite \u00e0 L\u00e9rins pour se relever d&rsquo;un veuvage pr\u00e9coce"},"content":{"rendered":"\n<h2>\n\t\tVenez vivre cette retraite de trois jours, du 11 au 13 octobre 2024 \u00e0 l&rsquo;Abbaye de L\u00e9rins, sur l&rsquo;\u00eele Saint Honorat. Ce weekend s&rsquo;adresse \u00e0 ceux qui ont perdu un conjoint et qui ont moins de 55 ans. Le but est de vivre une exp\u00e9rience de l&rsquo;\u00e9coute chaleureuse et respectueuse, d&rsquo;un r\u00e9confort humain et spirituel.\n\t<\/h2>\n\tLe montant de la participation est libre et en conscience, pour que l&rsquo;aspect financier ne soit un frein pour personne.<br \/>\nPour information, le co\u00fbt de revient du week-end est de 150 \u20ac tout compris par participant, comprenant les frais de restauration, d&rsquo;h\u00e9bergement, de logistique et la travers\u00e9e en bateau.\n<p>Les animateurs sont b\u00e9n\u00e9voles :<\/p>\nDelphine Pajot, veuve pr\u00e9coce ;<br \/>\nLaure Lesl\u00e9, sp\u00e9cialiste de l&rsquo;accompagnement au deuil ;<br \/>\nTanguy Ch\u00e2tel, sociologue sp\u00e9cialiste de la fin de vie ;<br \/>\nFr\u00e8re Marie et les moines de l&rsquo;Abbaye ;<br \/>\nAmiti\u00e9 L\u00e9rins Fondacio.\nCette retraite se d\u00e9roulera sur la paisible \u00eele de saint Honorat, o\u00f9 vous pourrez vivre des moments personnels de recueillement, de marche, mais aussi de partages et d&rsquo;\u00e9changes, dans un cadre bienveillant d&rsquo;\u00e9coute chaleureuse, et respectueuse.<br \/>\n15 participants maximum.<br \/>\nSeront propos\u00e9s :<br \/>\n\u2022 Un enseignement par une personne sp\u00e9cialiste du deuil ;<br \/>\n\u2022 Un enseignement par un moine sur la spiritualit\u00e9 du deuil ;<br \/>\n\u2022 Un temps journalier d&rsquo;atelier personnel guid\u00e9 (30 minutes) ;<br \/>\n\u2022 Un temps journalier d&rsquo;atelier en petit groupe (1 heure) ;<br \/>\n\u2022 Un t\u00e9moignage ;<br \/>\n\u2022 La possibilit\u00e9 de suivre les offices dans la journ\u00e9e (Laudes, V\u00eapres, Complies, messe le dimanche) ;<br \/>\n\u2022 La possibilit\u00e9 de rencontrer un moine (accompagnement, confession) ;<br \/>\n\u2022 La possibilit\u00e9 d&rsquo;un temps avec une personne de Fondacio (sur un th\u00e8me personnel qui vous tient \u00e0 c\u0153ur) ;<br \/>\n\u2022 Des relectures propos\u00e9es en grand groupe ;<br \/>\n\u2022 Du temps libre pour prier, se promener sur l&rsquo;\u00eele, se baigner, se reposer, m\u00e9diter&#8230;\n\n","protected":false},"featured_media":7642,"template":"","meta":{"_acf_changed":false,"_seopress_robots_primary_cat":"","_seopress_titles_title":"","_seopress_titles_desc":"","_seopress_robots_index":"","inline_featured_image":false,"footnotes":""},"class_list":["post-7639","evenement","type-evenement","status-publish","has-post-thumbnail","hentry","evenement_categorie-retraite"],"acf":[],"_links":{"self":[{"href":"https:\/\/agenda.frejustoulon.fr\/organisateurs\/wp-json\/wp\/v2\/evenement\/7639","targetHints":{"allow":["GET"]}}],"collection":[{"href":"https:\/\/agenda.frejustoulon.fr\/organisateurs\/wp-json\/wp\/v2\/evenement"}],"about":[{"href":"https:\/\/agenda.frejustoulon.fr\/organisateurs\/wp-json\/wp\/v2\/types\/evenement"}],"version-history":[{"count":4,"href":"https:\/\/agenda.frejustoulon.fr\/organisateurs\/wp-json\/wp\/v2\/evenement\/7639\/revisions"}],"predecessor-version":[{"id":7648,"href":"https:\/\/agenda.frejustoulon.fr\/organisateurs\/wp-json\/wp\/v2\/evenement\/7639\/revisions\/7648"}],"wp:featuredmedia":[{"embeddable":true,"href":"https:\/\/agenda.frejustoulon.fr\/organisateurs\/wp-json\/wp\/v2\/media\/7642"}],"wp:attachment":[{"href":"https:\/\/agenda.frejustoulon.fr\/organisateurs\/wp-json\/wp\/v2\/media?parent=7639"}],"curies":[{"name":"wp","href":"https:\/\/api.w.org\/{rel}","templated":true}]}}

Une retraite à Lérins pour se relever d&rsquo;un veuvage précoce

<h2>
		Venez vivre cette retraite de trois jours, du 11 au 13 octobre 2024 à l&rsquo;Abbaye de Lérins, sur l&rsquo;île Saint Honorat. Ce weekend s&rsquo;adresse à ceux qui ont perdu un conjoint et qui ont moins de 55 ans. Le but est de vivre une expérience de l&rsquo;écoute chaleureuse et respectueuse, d&rsquo;un réconfort humain et spirituel.
	</h2>
	Le montant de la participation est libre et en conscience, pour que l&rsquo;aspect financier ne soit un frein pour personne.<br />
Pour information, le coût de revient du week-end est de 150 € tout compris par participant, comprenant les frais de restauration, d&rsquo;hébergement, de logistique et la traversée en bateau.
<p>Les animateurs sont bénévoles :</p>
Delphine Pajot, veuve précoce ;<br />
Laure Leslé, spécialiste de l&rsquo;accompagnement au deuil ;<br />
Tanguy Châtel, sociologue spécialiste de la fin de vie ;<br />
Frère Marie et les moines de l&rsquo;Abbaye ;<br />
Amitié Lérins Fondacio.
Cette retraite se déroulera sur la paisible île de saint Honorat, où vous pourrez vivre des moments personnels de recueillement, de marche, mais aussi de partages et d&rsquo;échanges, dans un cadre bienveillant d&rsquo;écoute chaleureuse, et respectueuse.<br />
15 participants maximum.<br />
Seront proposés :<br />
• Un enseignement par une personne spécialiste du deuil ;<br />
• Un enseignement par un moine sur la spiritualité du deuil ;<br />
• Un temps journalier d&rsquo;atelier personnel guidé (30 minutes) ;<br />
• Un temps journalier d&rsquo;atelier en petit groupe (1 heure) ;<br />
• Un témoignage ;<br />
• La possibilité de suivre les offices dans la journée (Laudes, Vêpres, Complies, messe le dimanche) ;<br />
• La possibilité de rencontrer un moine (accompagnement, confession) ;<br />
• La possibilité d&rsquo;un temps avec une personne de Fondacio (sur un thème personnel qui vous tient à cœur) ;<br />
• Des relectures proposées en grand groupe ;<br />
• Du temps libre pour prier, se promener sur l&rsquo;île, se baigner, se reposer, méditer&#8230;
