{"id":8147,"date":"2025-03-03T12:30:36","date_gmt":"2025-03-03T11:30:36","guid":{"rendered":"https:\/\/agenda.frejustoulon.fr\/organisateurs\/?post_type=evenement&#038;p=8147"},"modified":"2025-03-03T12:32:51","modified_gmt":"2025-03-03T11:32:51","slug":"retraite-biblique-avec-saint-paul","status":"publish","type":"evenement","link":"https:\/\/agenda.frejustoulon.fr\/organisateurs\/evenement\/retraite-biblique-avec-saint-paul\/0\/17-8-2025\/","title":{"rendered":"Retraite Biblique avec saint Paul"},"content":{"rendered":"\r\n<h2>Retraite biblique avec le p\u00e8re Dumoulin ouverte \u00e0 tous. A Roc-Estello (Plan d&rsquo;Aups &#8211; Var), du 17 au 22 ao\u00fbt 2025.<\/h2>\r\n<p>Un temps de retraite \u00e0 la d\u00e9couverte des \u00e9crits de saint Paul, Pr\u00e9sentations le matin, promenades et p\u00e8lerinages l&rsquo;apr\u00e8s-mid, temps de partage le soir. Avec l&rsquo;Eucharistie quotidienne et des temps de pri\u00e8re.<\/p>\r\n<p>Cette retraite est ouverte \u00e0 tous et veut nous aider \u00e0 d\u00e9couvrir la Parole de Dieu tout en profitant d&rsquo;un temps de paix et de m\u00e9ditation dans un cadre magnifique.<\/p>\r\n<p><strong>Sur Roc-Estello :\u00a0<\/strong><\/p>\r\n<p>Roc-Estello est une maison d&rsquo;accueil chr\u00e9tienne situ\u00e9e face \u00e0 la cha\u00eene de la Sainte-Baume, \u00e0 4 km du sanctuaire au coeur de la verdure.<br \/>En cette ann\u00e9e jubilaire de l&rsquo;Esp\u00e9rance, il est bon de se laisser guider par l&rsquo;Ap\u00f4tre Paul : \u00ab\u00a0L&rsquo;Esp\u00e9rance ne d\u00e9\u00e7oit pas\u00a0\u00bb (Rm 5,5)<br \/>Le p\u00e8re Pierre Dumoulin est un bibliste qui enseigne au s\u00e9minaire de la Castille et \u00e0 l&rsquo;IDFP. <img loading=\"lazy\" decoding=\"async\" title=\"roc-estello (1)\" src=\"https:\/\/agenda.frejustoulon.fr\/organisateurs\/wp-content\/uploads\/sites\/41\/2025\/03\/roc-estello-1.jpg\" alt=\"roc-estello (1)\" width=\"670\" height=\"446\" \/><\/p>\r\n","protected":false},"featured_media":8150,"template":"","meta":{"_acf_changed":false,"_seopress_robots_primary_cat":"","_seopress_titles_title":"","_seopress_titles_desc":"","_seopress_robots_index":"","inline_featured_image":false,"footnotes":""},"class_list":["post-8147","evenement","type-evenement","status-publish","has-post-thumbnail","hentry","evenement_categorie-retraite"],"acf":[],"_links":{"self":[{"href":"https:\/\/agenda.frejustoulon.fr\/organisateurs\/wp-json\/wp\/v2\/evenement\/8147","targetHints":{"allow":["GET"]}}],"collection":[{"href":"https:\/\/agenda.frejustoulon.fr\/organisateurs\/wp-json\/wp\/v2\/evenement"}],"about":[{"href":"https:\/\/agenda.frejustoulon.fr\/organisateurs\/wp-json\/wp\/v2\/types\/evenement"}],"version-history":[{"count":3,"href":"https:\/\/agenda.frejustoulon.fr\/organisateurs\/wp-json\/wp\/v2\/evenement\/8147\/revisions"}],"predecessor-version":[{"id":8157,"href":"https:\/\/agenda.frejustoulon.fr\/organisateurs\/wp-json\/wp\/v2\/evenement\/8147\/revisions\/8157"}],"wp:featuredmedia":[{"embeddable":true,"href":"https:\/\/agenda.frejustoulon.fr\/organisateurs\/wp-json\/wp\/v2\/media\/8150"}],"wp:attachment":[{"href":"https:\/\/agenda.frejustoulon.fr\/organisateurs\/wp-json\/wp\/v2\/media?parent=8147"}],"curies":[{"name":"wp","href":"https:\/\/api.w.org\/{rel}","templated":true}]}}

<h2>Retraite biblique avec le père Dumoulin ouverte à tous. A Roc-Estello (Plan d&rsquo;Aups &#8211; Var), du 17 au 22 août 2025.</h2>
<p>Un temps de retraite à la découverte des écrits de saint Paul, Présentations le matin, promenades et pèlerinages l&rsquo;après-mid, temps de partage le soir. Avec l&rsquo;Eucharistie quotidienne et des temps de prière.</p>
<p>Cette retraite est ouverte à tous et veut nous aider à découvrir la Parole de Dieu tout en profitant d&rsquo;un temps de paix et de méditation dans un cadre magnifique.</p>
<p><strong>Sur Roc-Estello : </strong></p>
<p>Roc-Estello est une maison d&rsquo;accueil chrétienne située face à la chaîne de la Sainte-Baume, à 4 km du sanctuaire au coeur de la verdure.<br />En cette année jubilaire de l&rsquo;Espérance, il est bon de se laisser guider par l&rsquo;Apôtre Paul : « L&rsquo;Espérance ne déçoit pas » (Rm 5,5)<br />Le père Pierre Dumoulin est un bibliste qui enseigne au séminaire de la Castille et à l&rsquo;IDFP. <img loading="lazy" decoding="async" title="roc-estello (1)" src="https://agenda.frejustoulon.fr/organisateurs/wp-content/uploads/sites/41/2025/03/roc-estello-1.jpg" alt="roc-estello (1)" width="670" height="446" /></p>
