{"id":8580,"date":"2025-06-24T17:18:25","date_gmt":"2025-06-24T16:18:25","guid":{"rendered":"https:\/\/agenda.frejustoulon.fr\/organisateurs\/?post_type=evenement&#038;p=8580"},"modified":"2025-07-18T14:04:58","modified_gmt":"2025-07-18T13:04:58","slug":"pelerinage-du-jubile-de-lesperance-a-rome","status":"publish","type":"evenement","link":"https:\/\/agenda.frejustoulon.fr\/organisateurs\/evenement\/pelerinage-du-jubile-de-lesperance-a-rome\/0\/28-10-2025\/","title":{"rendered":"P\u00e8lerinage du Jubil\u00e9 de l&rsquo;Esp\u00e9rance \u00e0 Rome"},"content":{"rendered":"<h3>La paroisse de Cuers organise un p\u00e8lerinage \u00e0 Rome, \u00e0 l&rsquo;occasion du Jubil\u00e9 de 2025, du 28 au 31 octobre. Le voyage se fait au d\u00e9part de Cuers en autocar. Le retour aura lieu le 31 octobre. L&rsquo;organisation pratique a \u00e9t\u00e9 confi\u00e9e au voyagiste Terralto.<\/h3>\n<p>Le p\u00e8lerinage \u00e0 Rome permettra de visiter les basiliques majeures, la Rome antique et la Rome des premiers chr\u00e9tiens (les catacombes), la Rome des papes et la Rome baroque avec le Vatican et autres lieux. Le trajet se fera en autocar au d\u00e9part de Cuers jusqu\u2019\u00e0 Nice, puis par avion.<\/p>\n<p><strong>&gt; Lien d\u2019inscription :<\/strong>\u00a0<a href=\"https:\/\/cuers2025-jubile.venio.fr\/fr\" target=\"_blank\" rel=\"noopener\">cuers2025-jubile.venio.fr<\/a><\/p>\n<h4><strong>&gt; Date limite d&rsquo;inscription : 31 juillet<\/strong><\/h4>\n<p><strong>&gt; Pour toute question, il est possible de contacter l\u2019abb\u00e9 Marc de Saint-Sernin :<\/strong><br \/>\n<a href=\"&#x6d;&#x61;&#105;l&#x74;&#x6f;&#x3a;&#112;a&#x72;&#x6f;&#x69;&#115;s&#x65;&#x64;&#x65;&#99;u&#x65;&#x72;&#x73;&#64;f&#x72;&#x65;&#x65;&#46;f&#x72;\" target=\"_blank\" rel=\"noopener\">&#112;&#x61;&#114;&#x6f;&#105;&#x73;s&#x65;d&#101;&#x63;&#117;&#x65;&#114;&#x73;&#64;&#x66;r&#101;&#x65;&#46;&#x66;&#114;<\/a>\u00a0\u2013 06 22 85 22 17<\/p>\n<h1 style=\"text-align: center\"><img loading=\"lazy\" decoding=\"async\" class=\"alignnone wp-image-8691\" src=\"https:\/\/agenda.frejustoulon.fr\/organisateurs\/wp-content\/uploads\/sites\/41\/2025\/06\/25-219-cuers-page-0001-113x160.jpg\" alt=\"\" width=\"585\" height=\"828\" srcset=\"https:\/\/agenda.frejustoulon.fr\/organisateurs\/wp-content\/uploads\/sites\/41\/2025\/06\/25-219-cuers-page-0001-113x160.jpg 113w, https:\/\/agenda.frejustoulon.fr\/organisateurs\/wp-content\/uploads\/sites\/41\/2025\/06\/25-219-cuers-page-0001-353x500.jpg 353w, https:\/\/agenda.frejustoulon.fr\/organisateurs\/wp-content\/uploads\/sites\/41\/2025\/06\/25-219-cuers-page-0001-768x1086.jpg 768w, https:\/\/agenda.frejustoulon.fr\/organisateurs\/wp-content\/uploads\/sites\/41\/2025\/06\/25-219-cuers-page-0001-1086x1536.jpg 1086w, https:\/\/agenda.frejustoulon.fr\/organisateurs\/wp-content\/uploads\/sites\/41\/2025\/06\/25-219-cuers-page-0001-1448x2048.jpg 1448w, https:\/\/agenda.frejustoulon.fr\/organisateurs\/wp-content\/uploads\/sites\/41\/2025\/06\/25-219-cuers-page-0001.jpg 1500w\" sizes=\"auto, (max-width: 585px) 100vw, 585px\" \/><\/h1>\n","protected":false},"featured_media":8584,"template":"","meta":{"_acf_changed":false,"_seopress_robots_primary_cat":"","_seopress_titles_title":"","_seopress_titles_desc":"","_seopress_robots_index":"","inline_featured_image":false,"footnotes":""},"class_list":["post-8580","evenement","type-evenement","status-publish","has-post-thumbnail","hentry","evenement_categorie-pelerinage"],"acf":[],"_links":{"self":[{"href":"https:\/\/agenda.frejustoulon.fr\/organisateurs\/wp-json\/wp\/v2\/evenement\/8580","targetHints":{"allow":["GET"]}}],"collection":[{"href":"https:\/\/agenda.frejustoulon.fr\/organisateurs\/wp-json\/wp\/v2\/evenement"}],"about":[{"href":"https:\/\/agenda.frejustoulon.fr\/organisateurs\/wp-json\/wp\/v2\/types\/evenement"}],"version-history":[{"count":18,"href":"https:\/\/agenda.frejustoulon.fr\/organisateurs\/wp-json\/wp\/v2\/evenement\/8580\/revisions"}],"predecessor-version":[{"id":8694,"href":"https:\/\/agenda.frejustoulon.fr\/organisateurs\/wp-json\/wp\/v2\/evenement\/8580\/revisions\/8694"}],"wp:featuredmedia":[{"embeddable":true,"href":"https:\/\/agenda.frejustoulon.fr\/organisateurs\/wp-json\/wp\/v2\/media\/8584"}],"wp:attachment":[{"href":"https:\/\/agenda.frejustoulon.fr\/organisateurs\/wp-json\/wp\/v2\/media?parent=8580"}],"curies":[{"name":"wp","href":"https:\/\/api.w.org\/{rel}","templated":true}]}}

Pèlerinage du Jubilé de l&rsquo;Espérance à Rome

<h3>La paroisse de Cuers organise un pèlerinage à Rome, à l&rsquo;occasion du Jubilé de 2025, du 28 au 31 octobre. Le voyage se fait au départ de Cuers en autocar. Le retour aura lieu le 31 octobre. L&rsquo;organisation pratique a été confiée au voyagiste Terralto.</h3>
<p>Le pèlerinage à Rome permettra de visiter les basiliques majeures, la Rome antique et la Rome des premiers chrétiens (les catacombes), la Rome des papes et la Rome baroque avec le Vatican et autres lieux. Le trajet se fera en autocar au départ de Cuers jusqu’à Nice, puis par avion.</p>
<p><strong>&gt; Lien d’inscription :</strong> <a href="https://cuers2025-jubile.venio.fr/fr" target="_blank" rel="noopener">cuers2025-jubile.venio.fr</a></p>
<h4><strong>&gt; Date limite d&rsquo;inscription : 31 juillet</strong></h4>
<p><strong>&gt; Pour toute question, il est possible de contacter l’abbé Marc de Saint-Sernin :</strong><br />
<a href="&#x6d;&#x61;&#105;l&#x74;&#x6f;&#x3a;&#112;a&#x72;&#x6f;&#x69;&#115;s&#x65;&#x64;&#x65;&#99;u&#x65;&#x72;&#x73;&#64;f&#x72;&#x65;&#x65;&#46;f&#x72;" target="_blank" rel="noopener">&#112;&#x61;&#114;&#x6f;&#105;&#x73;s&#x65;d&#101;&#x63;&#117;&#x65;&#114;&#x73;&#64;&#x66;r&#101;&#x65;&#46;&#x66;&#114;</a> – 06 22 85 22 17</p>
<h1 style="text-align: center"><img loading="lazy" decoding="async" class="alignnone wp-image-8691" src="https://agenda.frejustoulon.fr/organisateurs/wp-content/uploads/sites/41/2025/06/25-219-cuers-page-0001-113x160.jpg" alt="" width="585" height="828" srcset="https://agenda.frejustoulon.fr/organisateurs/wp-content/uploads/sites/41/2025/06/25-219-cuers-page-0001-113x160.jpg 113w, https://agenda.frejustoulon.fr/organisateurs/wp-content/uploads/sites/41/2025/06/25-219-cuers-page-0001-353x500.jpg 353w, https://agenda.frejustoulon.fr/organisateurs/wp-content/uploads/sites/41/2025/06/25-219-cuers-page-0001-768x1086.jpg 768w, https://agenda.frejustoulon.fr/organisateurs/wp-content/uploads/sites/41/2025/06/25-219-cuers-page-0001-1086x1536.jpg 1086w, https://agenda.frejustoulon.fr/organisateurs/wp-content/uploads/sites/41/2025/06/25-219-cuers-page-0001-1448x2048.jpg 1448w, https://agenda.frejustoulon.fr/organisateurs/wp-content/uploads/sites/41/2025/06/25-219-cuers-page-0001.jpg 1500w" sizes="auto, (max-width: 585px) 100vw, 585px" /></h1>
