{"id":8906,"date":"2025-09-26T09:30:23","date_gmt":"2025-09-26T08:30:23","guid":{"rendered":"https:\/\/agenda.frejustoulon.fr\/organisateurs\/?post_type=evenement&#038;p=8906"},"modified":"2025-09-26T09:51:05","modified_gmt":"2025-09-26T08:51:05","slug":"saison-musicale-25-26","status":"publish","type":"evenement","link":"https:\/\/agenda.frejustoulon.fr\/organisateurs\/evenement\/saison-musicale-25-26\/0\/28-11-2025\/","title":{"rendered":"Sacr\u00e9e musique | Saison musicale 25\/26"},"content":{"rendered":"<h3>Du 28 novembre au 7 d\u00e9cembre 2025, Sacr\u00e9e Musique revient pour une 5\u00e8me \u00e9dition \u00e9largie \u00e0 toute la r\u00e9gion Sud : 43 concerts illumin\u00e9s \u00e0 la vraie bougie dans les \u00e9glises embl\u00e9matiques du territoire, avant No\u00ebl.<\/h3>\n<h3><img loading=\"lazy\" decoding=\"async\" class=\"alignnone size-full wp-image-8915\" src=\"https:\/\/agenda.frejustoulon.fr\/organisateurs\/wp-content\/uploads\/sites\/41\/2025\/09\/capture-decran-2025-09-26-a-10.41.38.png\" alt=\"\" width=\"707\" height=\"187\" srcset=\"https:\/\/agenda.frejustoulon.fr\/organisateurs\/wp-content\/uploads\/sites\/41\/2025\/09\/capture-decran-2025-09-26-a-10.41.38.png 707w, https:\/\/agenda.frejustoulon.fr\/organisateurs\/wp-content\/uploads\/sites\/41\/2025\/09\/capture-decran-2025-09-26-a-10.41.38-160x42.png 160w\" sizes=\"auto, (max-width: 707px) 100vw, 707px\" \/><\/h3>\n<p>&nbsp;<\/p>\n<p><a class=\"btn btn-info\" href=\"https:\/\/agenda.frejustoulon.fr\/organisateurs\/?s_evenement=Sacr%C3%A9e%20Musique&amp;search_evenement=1&amp;s_evenement_categorie&amp;s_blogid=41#1\" target=\"_blank\" rel=\"noopener\">Retrouvez ici tous les \u00e9v\u00e8nements dans le Var<\/a><\/p>\n<p><a class=\"btn btn-info\" href=\"https:\/\/sacreemusique.com\/inscription-liste-dattente-billetterie-sacree-musique-sud-paca\/\" target=\"_blank\" rel=\"noopener\">Informations et r\u00e9servations<\/a><\/p>\n<p>&nbsp;<\/p>\n","protected":false},"featured_media":8810,"template":"","meta":{"_acf_changed":false,"_seopress_robots_primary_cat":"","_seopress_titles_title":"","_seopress_titles_desc":"","_seopress_robots_index":"","inline_featured_image":false,"footnotes":""},"class_list":["post-8906","evenement","type-evenement","status-publish","has-post-thumbnail","hentry","evenement_categorie-concert"],"acf":[],"_links":{"self":[{"href":"https:\/\/agenda.frejustoulon.fr\/organisateurs\/wp-json\/wp\/v2\/evenement\/8906","targetHints":{"allow":["GET"]}}],"collection":[{"href":"https:\/\/agenda.frejustoulon.fr\/organisateurs\/wp-json\/wp\/v2\/evenement"}],"about":[{"href":"https:\/\/agenda.frejustoulon.fr\/organisateurs\/wp-json\/wp\/v2\/types\/evenement"}],"version-history":[{"count":12,"href":"https:\/\/agenda.frejustoulon.fr\/organisateurs\/wp-json\/wp\/v2\/evenement\/8906\/revisions"}],"predecessor-version":[{"id":8926,"href":"https:\/\/agenda.frejustoulon.fr\/organisateurs\/wp-json\/wp\/v2\/evenement\/8906\/revisions\/8926"}],"wp:featuredmedia":[{"embeddable":true,"href":"https:\/\/agenda.frejustoulon.fr\/organisateurs\/wp-json\/wp\/v2\/media\/8810"}],"wp:attachment":[{"href":"https:\/\/agenda.frejustoulon.fr\/organisateurs\/wp-json\/wp\/v2\/media?parent=8906"}],"curies":[{"name":"wp","href":"https:\/\/api.w.org\/{rel}","templated":true}]}}

Sacrée musique | Saison musicale 25/26

<h3>Du 28 novembre au 7 décembre 2025, Sacrée Musique revient pour une 5ème édition élargie à toute la région Sud : 43 concerts illuminés à la vraie bougie dans les églises emblématiques du territoire, avant Noël.</h3>
<h3><img loading="lazy" decoding="async" class="alignnone size-full wp-image-8915" src="https://agenda.frejustoulon.fr/organisateurs/wp-content/uploads/sites/41/2025/09/capture-decran-2025-09-26-a-10.41.38.png" alt="" width="707" height="187" srcset="https://agenda.frejustoulon.fr/organisateurs/wp-content/uploads/sites/41/2025/09/capture-decran-2025-09-26-a-10.41.38.png 707w, https://agenda.frejustoulon.fr/organisateurs/wp-content/uploads/sites/41/2025/09/capture-decran-2025-09-26-a-10.41.38-160x42.png 160w" sizes="auto, (max-width: 707px) 100vw, 707px" /></h3>
<p>&nbsp;</p>
<p><a class="btn btn-info" href="https://agenda.frejustoulon.fr/organisateurs/?s_evenement=Sacr%C3%A9e%20Musique&amp;search_evenement=1&amp;s_evenement_categorie&amp;s_blogid=41#1" target="_blank" rel="noopener">Retrouvez ici tous les évènements dans le Var</a></p>
<p><a class="btn btn-info" href="https://sacreemusique.com/inscription-liste-dattente-billetterie-sacree-musique-sud-paca/" target="_blank" rel="noopener">Informations et réservations</a></p>
<p>&nbsp;</p>
