{"id":2027,"date":"2017-12-03T17:41:54","date_gmt":"2017-12-03T16:41:54","guid":{"rendered":"https:\/\/agenda.frejustoulon.fr\/plateaudelissole\/?post_type=evenement&#038;p=2027"},"modified":"2019-05-29T09:39:58","modified_gmt":"2019-05-29T08:39:58","slug":"messe-de-semaine-a-gareoult","status":"publish","type":"evenement","link":"https:\/\/agenda.frejustoulon.fr\/plateaudelissole\/evenement\/messe-de-semaine-a-gareoult\/1252\/4-12-2022\/","title":{"rendered":"Messes \u00e0 Gar\u00e9oult"},"content":{"rendered":"<p>&nbsp;<\/p>\n<p><span style=\"color: #000000;\"><strong>Venez vivre la messe en semaine,\u00a0 \u00e0 l&rsquo;\u00e9glise Saint Etienne de la paroisse de Gar\u00e9oult.<br \/>\n<\/strong>Le vendredi\u00a0 16h30 la messe se d\u00e9roule \u00e0 la maison de retraite.<\/span><\/p>\n<p><span style=\"color: #000000;\"><strong>La messe comm\u00e9more la Passion,<\/strong> la mort et la R\u00e9surrection du Christ. Le pr\u00eatre qui c\u00e9l\u00e8bre la messe reprend les gestes et les paroles du Christ en m\u00e9moire du dernier repas de J\u00e9sus et ses disciples.<\/span><\/p>\n<p><span style=\"color: #000000;\"><strong>La fraction du pain est signe qu\u2019Il se livre pour nous<\/strong> tout entier et nous donne humblement son amour.<\/span><\/p>\n<p>&nbsp;<\/p>\n<p>&nbsp;<\/p>\n","protected":false},"featured_media":0,"template":"","meta":{"_acf_changed":false,"_seopress_robots_primary_cat":"","_seopress_titles_title":"","_seopress_titles_desc":"","_seopress_robots_index":"","inline_featured_image":false,"footnotes":""},"class_list":["post-2027","evenement","type-evenement","status-publish","hentry","evenement_categorie-celebration","evenement_categorie-messes","evenement_tag-gareoult","evenement_tag-messe","evenement_tag-semaine"],"acf":[],"_links":{"self":[{"href":"https:\/\/agenda.frejustoulon.fr\/plateaudelissole\/wp-json\/wp\/v2\/evenement\/2027","targetHints":{"allow":["GET"]}}],"collection":[{"href":"https:\/\/agenda.frejustoulon.fr\/plateaudelissole\/wp-json\/wp\/v2\/evenement"}],"about":[{"href":"https:\/\/agenda.frejustoulon.fr\/plateaudelissole\/wp-json\/wp\/v2\/types\/evenement"}],"version-history":[{"count":0,"href":"https:\/\/agenda.frejustoulon.fr\/plateaudelissole\/wp-json\/wp\/v2\/evenement\/2027\/revisions"}],"wp:attachment":[{"href":"https:\/\/agenda.frejustoulon.fr\/plateaudelissole\/wp-json\/wp\/v2\/media?parent=2027"}],"curies":[{"name":"wp","href":"https:\/\/api.w.org\/{rel}","templated":true}]}}

Messes à Garéoult

<p>&nbsp;</p>
<p><span style="color: #000000;"><strong>Venez vivre la messe en semaine,  à l&rsquo;église Saint Etienne de la paroisse de Garéoult.<br />
</strong>Le vendredi  16h30 la messe se déroule à la maison de retraite.</span></p>
<p><span style="color: #000000;"><strong>La messe commémore la Passion,</strong> la mort et la Résurrection du Christ. Le prêtre qui célèbre la messe reprend les gestes et les paroles du Christ en mémoire du dernier repas de Jésus et ses disciples.</span></p>
<p><span style="color: #000000;"><strong>La fraction du pain est signe qu’Il se livre pour nous</strong> tout entier et nous donne humblement son amour.</span></p>
<p>&nbsp;</p>
<p>&nbsp;</p>
