{"id":2988,"date":"2026-01-15T16:12:04","date_gmt":"2026-01-15T15:12:04","guid":{"rendered":"https:\/\/agenda.frejustoulon.fr\/saintebaume\/?post_type=evenement&#038;p=2988"},"modified":"2026-01-15T16:29:14","modified_gmt":"2026-01-15T15:29:14","slug":"retraite-dentree-en-careme","status":"publish","type":"evenement","link":"https:\/\/agenda.frejustoulon.fr\/saintebaume\/evenement\/retraite-dentree-en-careme\/0\/20-2-2026\/","title":{"rendered":"Retraite d&rsquo;entr\u00e9e en car\u00eame"},"content":{"rendered":"<h2>Une retraite pour entrer en car\u00eame dans l&rsquo;esp\u00e9rance de la R\u00e9surrection<\/h2>\n<p><img loading=\"lazy\" decoding=\"async\" class=\"wp-image-2974 aligncenter\" src=\"https:\/\/agenda.frejustoulon.fr\/saintebaume\/wp-content\/uploads\/sites\/51\/2026\/01\/2-160x101.png\" alt=\"\" width=\"983\" height=\"621\" srcset=\"https:\/\/agenda.frejustoulon.fr\/saintebaume\/wp-content\/uploads\/sites\/51\/2026\/01\/2-160x101.png 160w, https:\/\/agenda.frejustoulon.fr\/saintebaume\/wp-content\/uploads\/sites\/51\/2026\/01\/2-768x484.png 768w\" sizes=\"auto, (max-width: 983px) 100vw, 983px\" \/><\/p>\n<p><span style=\"color: #993300\"><strong>Au programme:<\/strong> <\/span><\/p>\n<p><strong>Vendredi 20 f\u00e9vrier<\/strong><br \/>\n18h30 : V\u00eapres<br \/>\n19h15 : d\u00eener<br \/>\n20h15 : conf\u00e9rence d&rsquo;introduction<br \/>\n21h00 : Complies<\/p>\n<p><strong>Samedi 21 f\u00e9vrier<\/strong><br \/>\n8h00 : Laudes<br \/>\n08h00 \u00e0 9h00 : petit-d\u00e9jeuner<br \/>\n09h15 : enseignement<br \/>\n11h30 : Sextes \u00a0\u2022 11h00 : Messe \u00e0 la Grotte<br \/>\n11h45 : messe \u00e0 l&rsquo;Hostellerie<br \/>\n12h45 : d\u00e9jeuner<br \/>\n14h15 : mont\u00e9e \u00e0\u00a0la Grotte<br \/>\n17h00 : enseignement<br \/>\n18h00 : V\u00eapres suivies de l&rsquo;adoration<br \/>\n19h15 : d\u00eener<br \/>\n20h30 \u00e0 22h : soir\u00e9e adoration &amp; confessions<\/p>\n<p><strong>Dimanche 22 f\u00e9vrier<br \/>\n<\/strong>7h30 : Matines et Laudes<br \/>\n08h00 \u00e0 9h00 : petit-d\u00e9jeuner<br \/>\n09h15 : enseignement<br \/>\n11h30 : Sextes \u00a0\u2022 11h00 : Messe \u00e0 la Grotte<br \/>\n11h45 : messe \u00e0 l&rsquo;Hostellerie<br \/>\n13h00 : d\u00e9jeuner<br \/>\n14h30 : retour en groupe sur le week-end<br \/>\n15h30 : d\u00e9part<\/p>\n<p><a class=\"small-button smallblack\" href=\"http:\/\/www.saintebaume.org\/hostellerie\/reservation-individuelle\/\">s&rsquo;inscrire en ligne h\u00e9bergement<\/a><br \/>\n<a class=\"small-button smallblack\" href=\"http:\/\/www.saintebaume.org\/hostellerie\/reservation-repas\/\">s&rsquo;inscrire en ligne repas seulement<\/a><\/p>\n","protected":false},"featured_media":2969,"template":"","meta":{"_acf_changed":false,"_seopress_robots_primary_cat":"","_seopress_titles_title":"","_seopress_titles_desc":"","_seopress_robots_index":"","inline_featured_image":false,"footnotes":""},"class_list":["post-2988","evenement","type-evenement","status-publish","has-post-thumbnail","hentry","evenement_categorie-retraite","evenement_tag-grotte-de-la-sainte-baume","evenement_tag-retraite","evenement_tag-sainte-baume"],"acf":[],"_links":{"self":[{"href":"https:\/\/agenda.frejustoulon.fr\/saintebaume\/wp-json\/wp\/v2\/evenement\/2988","targetHints":{"allow":["GET"]}}],"collection":[{"href":"https:\/\/agenda.frejustoulon.fr\/saintebaume\/wp-json\/wp\/v2\/evenement"}],"about":[{"href":"https:\/\/agenda.frejustoulon.fr\/saintebaume\/wp-json\/wp\/v2\/types\/evenement"}],"version-history":[{"count":4,"href":"https:\/\/agenda.frejustoulon.fr\/saintebaume\/wp-json\/wp\/v2\/evenement\/2988\/revisions"}],"predecessor-version":[{"id":3000,"href":"https:\/\/agenda.frejustoulon.fr\/saintebaume\/wp-json\/wp\/v2\/evenement\/2988\/revisions\/3000"}],"wp:featuredmedia":[{"embeddable":true,"href":"https:\/\/agenda.frejustoulon.fr\/saintebaume\/wp-json\/wp\/v2\/media\/2969"}],"wp:attachment":[{"href":"https:\/\/agenda.frejustoulon.fr\/saintebaume\/wp-json\/wp\/v2\/media?parent=2988"}],"curies":[{"name":"wp","href":"https:\/\/api.w.org\/{rel}","templated":true}]}}

Retraite d&rsquo;entrée en carême

<h2>Une retraite pour entrer en carême dans l&rsquo;espérance de la Résurrection</h2>
<p><img loading="lazy" decoding="async" class="wp-image-2974 aligncenter" src="https://agenda.frejustoulon.fr/saintebaume/wp-content/uploads/sites/51/2026/01/2-160x101.png" alt="" width="983" height="621" srcset="https://agenda.frejustoulon.fr/saintebaume/wp-content/uploads/sites/51/2026/01/2-160x101.png 160w, https://agenda.frejustoulon.fr/saintebaume/wp-content/uploads/sites/51/2026/01/2-768x484.png 768w" sizes="auto, (max-width: 983px) 100vw, 983px" /></p>
<p><span style="color: #993300"><strong>Au programme:</strong> </span></p>
<p><strong>Vendredi 20 février</strong><br />
18h30 : Vêpres<br />
19h15 : dîner<br />
20h15 : conférence d&rsquo;introduction<br />
21h00 : Complies</p>
<p><strong>Samedi 21 février</strong><br />
8h00 : Laudes<br />
08h00 à 9h00 : petit-déjeuner<br />
09h15 : enseignement<br />
11h30 : Sextes  • 11h00 : Messe à la Grotte<br />
11h45 : messe à l&rsquo;Hostellerie<br />
12h45 : déjeuner<br />
14h15 : montée à la Grotte<br />
17h00 : enseignement<br />
18h00 : Vêpres suivies de l&rsquo;adoration<br />
19h15 : dîner<br />
20h30 à 22h : soirée adoration &amp; confessions</p>
<p><strong>Dimanche 22 février<br />
</strong>7h30 : Matines et Laudes<br />
08h00 à 9h00 : petit-déjeuner<br />
09h15 : enseignement<br />
11h30 : Sextes  • 11h00 : Messe à la Grotte<br />
11h45 : messe à l&rsquo;Hostellerie<br />
13h00 : déjeuner<br />
14h30 : retour en groupe sur le week-end<br />
15h30 : départ</p>
<p><a class="small-button smallblack" href="http://www.saintebaume.org/hostellerie/reservation-individuelle/">s&rsquo;inscrire en ligne hébergement</a><br />
<a class="small-button smallblack" href="http://www.saintebaume.org/hostellerie/reservation-repas/">s&rsquo;inscrire en ligne repas seulement</a></p>
